is the value of -5 - (0 + -17 - -9 - 7)?
10
Evaluate (28 - (-7 - (-18 - -1))) + -2.
16
What is the value of -23 + (10 - (-18 + 21))?
-16
What is 7 + -2 + -30 + 21 - (-15 + 5)?
6
Evaluate 2 + 12 + -10 - (-17 - -4).
17
Calculate 7 + -5 - (4 - (-5 + 5)) - 1.
-3
-3 + 25 - (-18 + 5 + 17)
18
Evaluate -3 + 1 + 0 + 17 - (78 - 76).
13
Evaluate (-1 - -19 - 41) + 36.
13
(6 - -19) + 21 - 36
10
Calculate 10 + -10 + 15 + 5.
20
Evaluate 11 + -1 + -2 + (-35 - 6) + 13.
-20
Evaluate 16 + (17 - 39) - (2 + 2 + -3).
-7
What is -12 + (10 - (-18 - -38)) - -20?
-2
Calculate -2 + -10 + (13 - 5) + 12 + 10.
18
-25 + 65 + -33 - (-1 - -16)
-8
11 + -1 + 18 + (-4 - 27)
-3
What is the value of -2 - (-10 + -6 - -7)?
7
Calculate 12 - (8 - (5 + -4)) - (9 - -6).
-10
Evaluate 0 - -1 - ((23 - -17) + -16 + -11).
-12
1 + 14 + -2 + -3
10
What is the value of 8 + 9 + 3 - 34?
-14
What is the value of -9 + (24 - 28 - -29)?
16
-49 + 83 + -7 + 1 + -13
15
What is 42 + (9 + -33 - -17 - 9)?
26
What is (-34 + 11 + 11 - (-4 + -2)) + -1?
-7
10 - (5 + 14) - -29
20
Evaluate (-11 + 3 - -9) + 3 + 9.
13
What is -4 + (9 - 4) + (-15 - 8)?
-22
-19 + (12 - (-17 - -11))
-1
What is 10 - (-20 - -57) - -5?
-22
What is -2 - 1 - (8 + -11)?
0
Evaluate -43 + 53 - (4 - -21).
-15
-18 + (1 - (4 - (10 - (-1 - -2))))
-12
Evaluate -5 + -6 + 10 + 6 - (3 + -17).
19
(-29 - -38 - 3) + (0 + 0 - -7)
13
Calculate -5 + -8 - (-3 - 11).
1
3 - 14 - (5 - 12 - (22 - 25))
-7
(0 - ((-7 - -4) + -3 - -8)) + -5
-7
Calculate (33 - 35 - -1) + 40.
39
19 - (-30 + 8 - -50)
-9
(6 + -35 - -7) + 7 + 8
-7
Evaluate 0 + 1 + 0 + 0 + -7 - 5.
-11
-11 - (1 + -13 + -10) - 2
9
Calculate (-9 - -6) + 2 + 9 + -2 - 13.
-7
Calculate (4 - 1) + -30 + 18 - -18.
9
Evaluate 13 + (8 - (-8 + 4 + 13)).
12
Evaluate -9 - ((9 - (-12 + 28)) + 12).
-14
Evaluate -32 - -26 - (2 + -2 + 0 + 3).
-9
What is 60 + 2 + (-11 - 13)?
38
What is the value of 22 + 0 + 7 + (-7 - 5) - 2?
15
-5 + 24 + 1 + -34
-14
What is -12 - (-14 - (2 - 12))?
-8
What is 30 + -56 + 12 + 6?
-8
Calculate 0 + (6 + 10 - 0 - 8).
8
What is (3 + (-5 - -1) - (-5 + 1)) + 4?
7
-6 + (4 - 0 - 0) + 12
10
-22 + 10 + -1 + (3 - (15 - 7))
-18
What is -2 - -2 - -5 - (73 + -87)?
19
Calculate (16 - 19) + -15 + -1.
-19
Calculate (14 - 2) + 111 + -133.
-10
11 - (38 - 18 - 12)
3
What is (1 - -2) + (8 - (23 - 4))?
-8
11 + -27 + (0 - -3) + -95 + 103
-5
-5 + -2 - (21 + (-26 - 1))
-1
What is the value of -4 - (-5 + (2 - 1)) - (9 - 21)?
12
-1 - ((0 - 4 - (-25 - -28)) + 31)
-25
Evaluate -5 + (3 + 6 + 3 + -18 - -41).
30
Evaluate 7 + (18 - 27) + 8 + 3 + 1.
10
Evaluate 13 + (-18 - 8) + 0.
-13
(36 + -20 - 5) + (15 - 59)
-33
Calculate (-195 - -184) + 10 + 0.
-1
Evaluate 3 + (1 - (1 + 5)) + 6 - -3.
7
What is -30 - (-13 - -5 - (8 + -10 + 1))?
-23
(-8 - -27) + -24 - (-18 + 0)
13
Calculate (84 - 65) + (7 - -15) + -7.
34
-12 + 0 - -13 - (-1 - 5)
7
What is 28 + 7 + (9 - (-5 + 7) - 12)?
30
Calculate 5 + (-12 + -8 + 14 - (3 - 8)).
4
Evaluate 18 + (-31 - 29) + 20.
-22
What is 24 + -8 + -20 - -11?
7
What is -19 - ((6 - -2) + -13)?
-14
Calculate -21 - (-30 - (-42 - -44)).
11
Evaluate -4 - -1 - (-10 - -13) - 8.
-14
Calculate -9 + 0 - (-377 - -382).
-14
What is the value of -18 + (-21 - -40) - (1 + -7)?
7
What is (-17 + (12 - 15) - -11) + -5?
-14
Evaluate 31 + -11 + (-15 - -3).
8
What is -3 + 1 + 1 - (-8628 - -8620)?
7
-9 + 8 + -19 + 19
-1
What is 31 + (-11 - -5) + -17?
8
Evaluate -14 + (-35 - -17) + 13.
-19
What is the value of 6 - (-11 + 14 + -5 - -4)?
4
-4 - (-11 + 10) - 22
-25
57 - 28 - 25 - (-1 + 21)
-16
Calculate -10 - ((12 + -5 - -10 - 4) + -9).
-14
Calculate 424 + -442 + 0 + 37 - -15.
34
-29 - (14 + (-14 - 12)) - 9
-26
63 + (13 - 108) - (-5 - 1)
-26
(-10 + 2 - (60 - 75)) + 9
16
Evaluate (-1 - -7) + -2 + -13 + 11.
2
Calculate (-25 - 4) + -113 + 115.
-27
What is the value of (-1 - -3) + -11 + 2?
-7
What is 4 - 9 - (3 + -16)?
8
What is (38 + 1 - 45) + 0 + -4?
-10
Calculate 10 + 5 + -36 + (-28 - -79).
30
Evaluate -28 - 2 - (-14 + -2).
-14
Evaluate (-1 - 4) + (5 - (-12 - (2 + 0))).
14
What is the value of -13 + 4 - (29 + -22)?
-16
What is the value of 8 + 13 + (-41 - -11) + 13?
4
What is the value of 101 + -106 - (-5 - -5 - 29)?
24
Evaluate -15 - ((13 - 7) + -33).
12
Evaluate -4 - -10 - (-38 + 11 + 20).
13
Calculate 6 + (-4 - -20) - 36.
-14
Calculate 1 - (-3 + 5 + -4 + 7 + -6).
2
16 + -9 + (60 - 75)
-8
What is the value of -7 + 1 - 0 - (-13 + 1)?
6
-20 + 25 - ((-9 - 6) + 5)
15
Calculate (2 - (-2 - -6)) + -3 - 13.
-18
What is the value of 12 + 9 + (64 - 57 - (22 - 0))?
6
What is the value of -3 - (26 - -13) - (-3 + -12)?
-27
What is 8 + 10 + 15 + -6?
27
Evaluate 9 + 5 + (-2 - (7 + -2 - 3)).
10
Evaluate (1 - (0 - 4 - -9)) + 7.
3
Evaluate -7 + (1 + 7 - 1).
0
What is the value of (-34 - (-53 + 12)) + 6?
13
Evaluate 15 + (-15 + 5 + 11 - (2 + -5)).
19
What is -3 + 26 + -80 + 38?
-19
-4 + 9 + (0 - 11)
-6
What is the value of (-28 - 0 - -42) + -18?
-4
What is (15 - 2) + (-29 - -32) + -7?
9
Evaluate (-21 - -29 - (-12 + 2 + 3)) + -1.
14
What is 17 + -25 - (-9 + 3 + -4)?
2
What is the value of -19 + 27 + 16 - 21?
3
What is -17 + (-12 + 19 - -10)?
0
Evaluate (62 - 21) + -30 + (-33 - -2).
-20
Evaluate (-19 - (29 - -1)) + 27.
-22
Evaluate 9 + (-18 - (-19 - -7) - -3).
6
What is (-2 - 1) + (3 - ((2 - -10) + 0))?
-12
What is the value of -1 + -9 + 3 + -3 + 8?
-2
What is (8 - (-1 + 4) - 3) + -5 - -6?
3
Calculate -16 + (1 - -10) + 10.
5
What is the value of -19 - (11 - 43 - -3)?
10
46 + -45 + (-2 - (5 + -4 + 1))
-3
What is (0 - -1) + 22 - (16 + (3 - 11))?
15
Calculate -3 - 0 - (-5 + -3 + 4) - -24.
25
5 - (35 + (-5 - -1) + (-63 - -62))
-25
Calculate (7 - 1) + -134 + 112 - -20.
4
-14 - (10 + -22 - -36)
-38
(-21 - -11) + -4 + (-12 - -17)
-9
3 + 11 + -24 - -19
9
Evaluate 0 - ((-31 - -14) + 12).
5
Calculate 37 + -2 + 31 + -35 + -13.
18
Evaluate 3 + -8 - -6 - (-9 - -4).
6
6 + -2 + -104 + 132
32
What is the value of 64 - 44 - (6 - (-9 - -3))?
8
9 + -3 + (-78 - -68)
-4
What is -10 - (-1 + 2) - (-5 + -14)?
8
What is the value of (8 - (3 - (5 + -2))) + 15 + -13?
10
Evaluate (30 - (13 - (19 - 15))) + (0 - 0).
21
Evaluate (-66 - -69) + (7 - 2).
8
6 + (22 - (-18 + 52))
-6
-11 + -5 + (-5 - -16)
-5
What is 11 + 18 + -31 + 1 + -5 - -18?
12
11 - (7 + (3 + (7 - -16) - 10))
-12
What is -5 + 4 + -16 + (-4 - -9)?
-12
-9 + (13 - 4 - (-1 + 3)) + -1
-3
Calculate -399 + 406 + (2 - 47).
-38
What is the value of (1887 - 1868) + (-29 - 1)?
-11
What is -3 + 11 - -3 - 14?
-3
What is 8 + (-7 - -6 - 12) + -3?
-8
0 + 13 - (-33 + 55)
-9
Evaluate 7 + -33 + 46 - 24.
-4
1381 + -1389 + (5 - 3) + (35 - 1)
28
Calculate 18 - ((7 - -6) + 9).
-4
What is the value of (0 - (9 - 9)) + 1?
1
What is the value of (-387 - -363) + (8 - 0 - -2)?
-14
Calculate (0 - -12) + -22 + 10.
0
What is the value of (5 - 1) + (4 + (11 - 27) - 8)?
-16
What is the value of 0 + 2 - (2 - (-5 + -4) - 7)?
-2
What is the value of (-9 - 0 - (124 + -123)) + 24?
14
Calculate -1 - (6 - (-3 - -1)).
-9
What is the value of -5 + -9 + -26 + 42?
2
Calculate 5 + 2 + 0 + 22 + -37.
-8
What is the value of 2 + 0 + 9 + (-410 - -412)?
13
Evaluate -67 + (18 - -15) - (0 - 19).
-15
Calculate 3 + 2 + (28 - 21).
12
4 + (0 - -10) + (-43 - 3)
-32
What is -7 - (100 - 105 - (0 + -5))?
-7
Calculate -15 + 1 + 1 + -3 + (-7 - -2).
-21
Calculate -5 + (4 - 13 - -8).
-6
What is the value of 7 - 1 - 1 - -7?
12
What is -319 + 328 - (6 + 2 + 0)?
1
Calculate (-27 - 27) + (78 - 41).
-17
2 + (-2 - (0 - 3)) - (312 - 348)
39
Calculate -13 + 19 + 11 + -2 + -10 - -2.
7
What is 5 - (-7 + 2) - 10?
0
Evaluate 7 - (4 - (-12 - -14)).
5
Evaluate 0 + -1 - 18 - ((2 - -15) + -22).
-14
What is 0 - ((0 - -1) + (8 - 15) + 14)?
-8
Evaluate (-211 - -223) + 16 + 3.
31
Evaluate 7 - (10 - 7) - (5 + -1 + -8).
8
What is the value of 0 + 1 - (-10 + (0 - (3 + -10)))?
4
What is the value of (44 - 16) + -17 + (-23 - 6)?
-18
What is 5 + -10 - -9 - 16?
-12
-8 - -8 - (14 + -5) - -6
-3
What is -22 - (-11 + 0 + (-38 + 21 - -20))?
-14
11 + 1 - (24 + -9) - -8
5
(5 - 14) + 4 + -4 + 29
20
Evaluate (-18 - -18) + (-2 - 13).
-15
Calculate (-2 + 11 - (-24 - -40)) + 22.
15
What is -9 - (3 + (-11 - -3))?
-4
What is 17 + -29 + 3 + (-4 - (0 - -1))?
-14
-32 - (244 + -247 + (-8 - 0))
-21
Evaluate -1 - (-8 - (-1 + (-2 - 3)) - -5).
-4
What is (18 - 22 - -10) + -6?
0
What is the value of 330 + -320 - (2 + 9) - (1